mon divisor of s and y?
10
Suppose 3*u = 5*g + 415, -2*g + 3 = 1. Let b = u - 80. Suppose -v = 3*v - b. Calculate the highest common factor of v and 5.
5
Suppose -19 = -2*u - 3*g, -u - 2*u + 4*g = -54. Let i(a) = -a - 9. Let o be -8 - (-5)/(15/(-9)). Let j be i(o). Calculate the greatest common factor of j and u.
2
Let p = -50 - -85. Suppose 29036 = 198*o - 26404. Calculate the greatest common divisor of p and o.
35
Let i be 16/(-6)*4095/(-14). Suppose 0 = -2*z + 6*z - i. Calculate the greatest common divisor of z and 78.
39
Let s = -372 - -377. Calculate the greatest common factor of s and 10.
5
Let c = 33 - 27. Suppose -c*o + 62 = 14. What is the greatest common factor of 16 and o?
8
Let k(c) be the third derivative of -7*c**4/8 + c**3/6 - 4*c**2. Let x be k(2). Let g = 59 + x. Calculate the greatest common factor of 198 and g.
18
Let o be (-3)/1*(-66)/18. Calculate the highest common divisor of o and 275.
11
Suppose -31*v = -26*v - 40. Calculate the highest common factor of 136 and v.
8
Let k = -64 - -67. Suppose -k*l - 4 = -7. Calculate the highest common factor of l and 5.
1
Let w(l) = -8*l - 26. Let o be (-7)/((-28)/(-8)) - 10. Let p be w(o). What is the greatest common factor of 14 and p?
14
Let b = -653 - -663. What is the greatest common divisor of b and 310?
10
Suppose -2210 = 5*z - 22*z. What is the highest common factor of z and 10?
10
Suppose 499 = 2*p - 209. Suppose -p = -7*y - 4. What is the highest common divisor of y and 30?
10
Let h(a) = a + 6. Let c be h(8). What is the greatest common factor of 126 and c?
14
Suppose 2*k = -4*k + 216. Suppose -10*j - 240 = -15*j. What is the highest common divisor of k and j?
12
Let q = -1542 - -1555. What is the highest common divisor of 611 and q?
13
Suppose 56 = 5*q + 4*m, 4*q + 0*m - 48 = -4*m. Calculate the greatest common divisor of q and 100.
4
Let g = -48 - -75. Suppose g - 6 = o. Suppose 0 = 2*c + c - 9. What is the highest common divisor of c and o?
3
Let r(m) = -6*m**2 + 2*m - 3. Let p(n) = -n**2 - 1. Let l(u) = -4*p(u) + r(u). Let a be l(-1). Let o = a - -4. What is the highest common factor of o and 10?
1
Suppose -15 = -5*c, -4*v + 2*c - 5 - 17 = 0. Let a be 0*2/v + 2. Let l be (9/6)/((-3)/(-32)). Calculate the highest common divisor of l and a.
2
Let z be 1/2 - 215/(-2). Suppose -20 - 6 = 2*u - 80. Calculate the highest common factor of u and z.
27
Let s(t) = -t**2 + 3*t - 2. Let u be s(3). Let v(o) = o**2 + 2*o + 1. Let c be v(3). Let h = c - u. Calculate the greatest common divisor of h and 12.
6
Suppose u - 22 = 11. What is the greatest common factor of 891 and u?
33
Suppose -363 = 458*v - 461*v. What is the highest common factor of v and 44?
11
Suppose -3*c = -14*m + 10*m - 65, -4*c = -4*m - 84. Calculate the greatest common divisor of 475 and c.
19
Suppose 32*j - 33*j = -42. Let s be (5/(-5))/((-1)/6). What is the highest common divisor of s and j?
6
Let d(z) = z**2 + 3*z - 2. Let c be d(-5). Suppose -2*l = 2*l + c. Let j = l + 14. What is the greatest common divisor of j and 60?
12
Let m(c) = -c**3 - 9*c**2 - 10*c - 7. Let b be m(-8). Suppose -b = -4*n + 11. Let a = -8 - -13. Calculate the highest common factor of n and a.
5
Suppose 0 = -l - 0*l - 1. Let z be 3/(l - (0 + -2)). Suppose -3*g = -5*p - 110, -z*g + 26 = -p - 68. What is the highest common divisor of 10 and g?
10
Let u be ((-12)/(-15)*-1)/(1/(-90)). What is the highest common divisor of 36 and u?
36
Let y = 0 - -38. Suppose -2*u + y = 4*h, 4*u = -4*h - h + 91. Calculate the greatest common factor of u and 232.
29
Suppose -2*z - 164 = -2*d, -4*d = z - 346 + 33. What is the highest common divisor of d and 237?
79
Let b be 2/(-5) + 457/5. Let v = b - 28. What is the greatest common divisor of 7 and v?
7
Suppose 41*u - 6047 = 26712. Calculate the greatest common divisor of 17 and u.
17
Let n(h) = -h - 4. Let b be n(-5). Suppose r - 8 = b. Let j = 371 + -344. Calculate the highest common factor of r and j.
9
Let o be (-1)/((-5)/15*12/328). Calculate the greatest common divisor of 533 and o.
41
Let v be -86*4/24 - (-1)/3. Let u be -4*v/(-35)*(-240)/2. Calculate the highest common factor of u and 24.
24
Suppose -57*p + 54*p + 57 = 0. What is the greatest common divisor of 361 and p?
19
Let a(g) = -53*g + 2. Let o be a(-1). Let f = o - 44. What is the greatest common divisor of 44 and f?
11
Let o(k) = 4*k**2 + 6 - 10*k + 10*k. Let f be o(6). Let c be 4/10*(0 + f). Calculate the highest common factor of c and 12.
12
Suppose 12*n - 9*n - 42 = 0. Let k be (-51)/(-6)*(-4)/(-1). Let a be k + 3/(-9)*-3. What is the highest common divisor of a and n?
7
Let h = -19 - -34. Suppose 4*j - 5*s - 190 = 0, j + j + 2*s = 86. Calculate the highest common divisor of j and h.
15
Let t(c) = c**3 + 17*c**2 - 18*c + 2. Let u be t(-18). Suppose -2*j - 3*j - 16 = 4*f, 4*f + 12 = -4*j. What is the highest common factor of u and f?
1
Suppose 122*b - 140*b = -11682. Calculate the greatest common factor of 59 and b.
59
Let o(t) = 3*t**2 + 26*t + 24. Let v be o(-10). Let d = -44 + v. What is the highest common factor of d and 30?
10
Let c(z) = z**2 + 9*z + 26. Let a be c(-17). Let s(m) = m**2 + 3*m. Let w be s(3). What is the greatest common factor of a and w?
18
Let a = -15 - -50. Let v = a + -31. What is the highest common divisor of v and 2?
2
Let f(a) = a**3 + 4*a**2 - 5*a - 10. Let v be f(-5). Let m be 1/(v/(-318)) - 5/(-25). Calculate the highest common divisor of 8 and m.
8
Suppose -5*z = -4*g + 62, -4*g = -17*z + 14*z - 66. Calculate the highest common factor of 2 and g.
2
Suppose -3083 + 11253 = 43*g. Calculate the highest common divisor of g and 30.
10
Suppose 4*n = 5*k + 228, -12*n = -7*n + 5*k - 285. What is the highest common factor of n and 2337?
57
Let j be (3 - (-83)/(-5))*(-79 - 1). What is the highest common divisor of 51 and j?
17
Suppose 0 = 3*f - 5*x + 47, -2*f - x - 41 = -1. Let u be 8/40 + f/(-5). Calculate the greatest common factor of 4 and u.
4
Let y = 4262 + -2248. What is the highest common divisor of 38 and y?
38
Let i = 438 - 303. Suppose 864*l + 75 = 869*l. What is the greatest common divisor of i and l?
15
Suppose -2*f - z = -7*f + 176, 2*f - 4*z - 74 = 0. Calculate the greatest common divisor of 30 and f.
5
Suppose -u - 7 = -v + 7, -3*v - 5*u + 74 = 0. Suppose -v*f = 43 - 1195. What is the highest common factor of 160 and f?
32
Let x(w) = -3*w + 1. Let j(l) = -l**3 - 7*l**2 - l - 8. Let v be j(-7). Let f be x(v). Calculate the highest common divisor of f and 10.
2
Suppose 6*q = 93 + 285. What is the greatest common divisor of q and 63?
63
Suppose 0 = -5*o - 2*g + 709, 5*o - 4*g - 441 = 2*o. Suppose 694 = 50*l + 310 - 266. What is the highest common divisor of o and l?
13
Let l(y) = -y**2 + 5*y + 10. Let c be l(6). Suppose -c*j - 4*q + 104 = 0, 2*j + 2*q + 95 = 7*j. Calculate the greatest common divisor of 3 and j.
3
Let q = -347 - -518. Calculate the highest common factor of q and 38.
19
Let h(j) = j**2 + 11*j + 6. Let s be h(-4). Let l = s - -50. Calculate the highest common divisor of l and 7.
7
Suppose -8*y + 42 = -2*y. Let o(x) = 4*x. Let g be o(y). Suppose 3*n + 2*n = 350. Calculate the greatest common factor of g and n.
14
Let r(f) = f**2 - 11*f - 31. Let o be r(13). Let q be -240*(4 - (-22)/o). Calculate the greatest common divisor of q and 12.
12
Let i(z) = -z**3 + 12*z**2 - 11*z + 4. Let f be i(11). What is the highest common factor of 524 and f?
4
Suppose j - 2*h = 3, 5*j + 7 = 3*h + 36. Let n = j + 57. What is the highest common factor of 16 and n?
16
Suppose 0 = 3*p - 132 + 102. Calculate the greatest common divisor of p and 22.
2
Suppose 3*r - 5*p - 330 = -66, -440 = -5*r + 3*p. Suppose -x = -3*z + 34, -z + 5*z - 5*x = 49. What is the highest common divisor of z and r?
11
Let d = -129 - -132. Suppose d*n = b + 5*n + 1, -4*b + 12 = 4*n. What is the greatest common factor of b and 7?
7
Let c(s) = 3*s**2 + 27*s - 42. Let r be c(-11). Calculate the highest common divisor of r and 24.
24
Let h(d) = 5*d - 3*d - 4*d - 2 + 5*d. Let t be h(1). Calculate the greatest common factor of t and 2.
1
Let o be 4 - 0 - (-15)/(135/36). Calculate the greatest common factor of o and 296.
8
Suppose 23*b = 4*b + 19. Let l be ((-200)/15*-33)/b. Calculate the greatest common divisor of l and 40.
40
Suppose -6*m + m + 5 =